24*y - 31 - 29 + 48*y + 24. Let i be l(5). Calculate the greatest common factor of i and 196.
28
Suppose 5*j = -25*u + 22*u + 89, 2*j - 38 = -2*u. What is the highest common factor of j and 1728?
16
Suppose -208 = -21*k - 41 + 316. Calculate the highest common factor of 51773 and k.
23
Let p = 226 - 198. Suppose -19*w = -3*w - 1792. Calculate the highest common divisor of w and p.
28
Suppose -5*s + 396 = -s. Let k = s - 36. Let d = -232 - -239. What is the highest common divisor of k and d?
7
Suppose 94179 = 38*l - 152973. Calculate the highest common factor of 96 and l.
24
Let u(i) = i**3 + 27*i**2 - 9*i - 131. Let v be u(-9). What is the highest common divisor of 960 and v?
64
Suppose 3*p + 0*w + 4*w = 274, 4*p + 4*w - 360 = 0. Let z = p - 80. Let m be (26/3)/(z/153). What is the highest common factor of 13 and m?
13
Let t be 15/(-5)*8/(-12). Suppose t*p = -y, -y + 5*p + 6 = -1. Suppose 0 = -y*h - 10 + 78. Calculate the highest common factor of h and 85.
17
Let j(t) = t - 11. Let p(k) = -k**3 - 10*k**2 + 13*k - 11. Let r be p(-11). Let h = -12 - r. Let z be j(h). What is the greatest common factor of 90 and z?
10
Let w = -60 + 68. Let f(h) = -h**2 + 9*h + 16. Let b be f(w). Let m be b - ((4 - (6 + 2)) + 3). Calculate the greatest common divisor of 75 and m.
25
Suppose 9285 - 1410 = 21*u. What is the greatest common divisor of u and 1425?
75
Let r(t) = t**3 - 4*t**2 - t - 5. Let k be r(4). Let y be (-1843)/9 - ((-22)/k)/11. Let l = y + 322. Calculate the highest common divisor of l and 9.
9
Suppose 191*r - 141161 = -19685. Calculate the highest common divisor of 60 and r.
12
Suppose -8*z + 2684 = 596. Calculate the highest common factor of z and 297.
9
Let k = 6799 - 6240. Calculate the highest common divisor of k and 273.
13
Let c = 349 + -140. Suppose -i + c = -25. Calculate the greatest common divisor of 18 and i.
18
Suppose 15*g + 3394 = 4564. What is the highest common divisor of g and 364?
26
Let v be 165 + 2 + 0/1 - (-112 - -119). What is the greatest common divisor of v and 6464?
32
Let g = -17610 + 17613. Suppose 7*d + 5*v - 22 = 4*d, 0 = -2*d - 2*v + 12. What is the highest common divisor of g and d?
1
Let c = -115 - -247. Suppose 3*f - c = -a + 184, 5 = 5*a. Let q(g) = g**2 + 2*g + 7. Let s be q(7). Calculate the highest common divisor of s and f.
35
Let s(o) = 4*o**3 - 15*o**2 + 27*o + 7. Let p be s(2). What is the greatest common divisor of p and 275?
11
Let c = -192 - -234. Let w be 7 + 0 + c + -9. What is the greatest common factor of w and 16?
8
Let k = 24007 - 23961. What is the greatest common divisor of 9706 and k?
46
Suppose 2 = 64*s - 63*s + m, 5*m = 5*s - 20. What is the greatest common divisor of 303 and s?
3
Let g be 13/39 + (28/(-3) - 3). Let h be (-43 - g)*(-10 - -2). Calculate the highest common divisor of 31 and h.
31
Suppose 18688 = 6*z + 2956. What is the highest common divisor of z and 414?
138
Let c = -563 + 670. Suppose c = 2*f - 261. Calculate the highest common factor of 23 and f.
23
Let r(w) = -6*w**2 + w + 1. Let m be r(-1). Let o(k) = -2*k - 6. Let x be o(m). Let g be 44/x*111/2. Calculate the greatest common divisor of 37 and g.
37
Let q(a) = -15*a + 9. Let g be q(-11). Suppose -7*d - 6 = -8*d. Calculate the highest common factor of g and d.
6
Let j(c) = 10*c**3 - c. Let o be j(1). Let i be (-2)/(-2 + 21/o). Let w be (243/i)/((-1)/2). Calculate the greatest common divisor of 9 and w.
9
Let p = 147 + -145. Suppose -2*k + 3*k + p*g - 159 = 0, 0 = 2*k - g - 333. Let v = 17 - -49. What is the highest common factor of k and v?
33
Let m(f) = -6*f + 344. Let n be m(50). Let y(t) = -12*t**3 + 4*t**2 + 4*t + 4. Let s = -3 - 0. Let k be y(s). What is the greatest common factor of k and n?
44
Let p(j) = -6*j - 107. Suppose -19 - 36 = 2*y - w, y + 23 = -w. Let z be p(y). Suppose 9*t - 5*t = 56. What is the highest common divisor of z and t?
7
Let l = 12008 + -11744. Calculate the greatest common factor of 627 and l.
33
Suppose -234 = 5*q - 304. Suppose -3*p = 16 + 149. Let v = p - -97. What is the highest common divisor of v and q?
14
Suppose 3*p + 2*g = 1, 0 = -3*p + g - 3 - 2. Let r be 90/3*p/2. Let f be 69/2 - (r/10 + 2). Calculate the greatest common divisor of 34 and f.
34
Let f be ((-30)/(-12))/(-1 - (-75)/70). Let k be (10/3)/(1/3). Let p be 6/k + 1939/f. What is the greatest common factor of 14 and p?
14
Suppose -113*y + 1197 = -41*y - 53*y. Calculate the highest common factor of 32949 and y.
63
Suppose -i + 1570 = -5*o, 3*o + 22 = 28. Calculate the highest common factor of 60 and i.
20
Let j = 34 + -31. Suppose 0 = -33*x - 151 - 179. Let n be 153/5 + 2*j/x. Calculate the greatest common factor of 20 and n.
10
Let c = -3952 + 4111. What is the greatest common factor of 27 and c?
3
Suppose 0*y + 3*s - 135 = -2*y, -2*y = -2*s - 120. Calculate the greatest common divisor of 861 and y.
21
Suppose 0 = -0*c + 5*c - 2130. Suppose -897 = 71*m - 1323. What is the greatest common divisor of m and c?
6
Let h be (0 + 1)/((-3 + 1)/(-94)). Suppose h = 5*i + 7. Let g = -21 + 29. What is the greatest common divisor of i and g?
8
Let p be 102/68*(1 + 1). What is the highest common divisor of p and 1461?
3
Let l = -30 - -35. Let t be (-789)/(-5) - (-1)/l. Suppose -3 = -w, -17 + t = 5*m + 2*w. What is the highest common divisor of 9 and m?
9
Let f(j) = -j**3 + 2*j**2 - 6*j. Let m be f(4). Let k = m + 94. Suppose 22 = 5*s - k. What is the greatest common factor of 96 and s?
12
Let m(b) = b**2 + 2*b + 1. Suppose 0 = -0*h + 2*h. Let g be m(h). Let p be (13 + g)*1/2. What is the greatest common divisor of 35 and p?
7
Let t(g) = 9*g - 3. Let u(o) = -o + 7. Let z be u(12). Let k be t(z). Let j = k + 81. What is the highest common divisor of j and 3?
3
Let p(j) = -6*j**3 - 3*j**2 + 6*j + 10. Let q be p(-4). Let l be q/4*2/((-4)/(-4)). What is the greatest common factor of 7 and l?
7
Suppose 0 = -6*r + 3*r + 297. Let h be ((-180)/(-40))/((-5)/(-30)). What is the highest common divisor of h and r?
9
Let n = 199 - 195. Let s be (-24)/(-9)*270/n. Calculate the highest common divisor of s and 72.
36
Suppose 494 - 74 = 10*a. Suppose 2*k - p + 3845 = 4209, -728 = -4*k + 3*p. Calculate the highest common factor of a and k.
14
Let j(y) = -72*y + 708. Let w be j(6). What is the greatest common divisor of 12 and w?
12
Suppose y + 4 = -8. Let b = 21 + y. Let k(d) = 10*d**2 - 78*d - 15. Let j be k(8). What is the highest common divisor of b and j?
1
Suppose 43*r - 5048 = -1267 + 4260. Calculate the highest common factor of r and 1751.
17
Let o be (-3)/(-3)*1 + 4 - 3. Suppose o*m = 11*m - 810. Let v = 43 + -33. Calculate the highest common factor of v and m.
10
Let r = -12 + 12. Let m be (2 + r - 96)*(-5)/(-2). Let s = m - -410. Calculate the greatest common factor of s and 35.
35
Let i(y) = y**3 + 26*y**2 + 128*y + 493. Let s be i(-21). What is the greatest common factor of 746 and s?
2
Let p(o) = o**3 - 5*o**2 - 2*o - 6. Let u be p(8). Let b = -85 + u. Let w(r) = r**2 + 6*r - 10. Let j be w(-9). Calculate the greatest common factor of j and b.
17
Let x(u) = u - 1. Let k be x(1). Suppose k = -0*w - w + 98. Suppose 39*v = -31*v - 92*v + 39690. Calculate the highest common divisor of v and w.
49
Let r(p) = p**2 - 21*p + 95. Let b be r(6). Suppose -205 = -4*x - 8*t + 11*t, -b*x + 270 = -t. What is the highest common divisor of x and 11?
11
Suppose 0 = 3*u - 33. Suppose 2*w + u = 47. Suppose -3*i = -w - 9. Calculate the greatest common divisor of 153 and i.
9
Let h(o) = o**3 - 7*o**2 - 7*o - 2. Let w be h(9). Suppose 5*y - 3 = w. Suppose 59*j = 58 + 188 - 10. Calculate the greatest common divisor of j and y.
4
Suppose -10*i + 552 = -6*i. Suppose 0 = -5*y + 221 + 9. Calculate the greatest common divisor of i and y.
46
Let w be 149/(-2)*(3 + 8 - 9). Let r = w - -158. What is the greatest common divisor of 99 and r?
9
Let h(d) = 18*d - 21. Let t(a) = 9*a - 3. Let p be t(1). Let c be h(p). Calculate the highest common factor of 3 and c.
3
Let q be 6/(-14) + 9152/448. Let z(y) = 6*y**2 - 110*y - 26. Let d be z(q). Calculate the highest common factor of d and 58.
58
Suppose 5*w - 27 = 3. Suppose -14*d + w*d = -176. Suppose -3*a + d - 1 = 0. What is the highest common factor of 49 and a?
7
Suppose 2*c - 15 = -3*y, -5*c = -31*y + 33*y - 21. Suppose -7 -